et b(c) = 2*c**3 - 3*c**2 - c + 2. Determine b(2).
4
Let w(t) = -3*t + 76. What is w(25)?
1
Let s(d) = d**2 + 21*d + 6. Give s(-19).
-32
Let v(w) = -w**3 + 9*w**2 + 2*w + 4. What is v(9)?
22
Let g(v) = 3*v - 5. What is g(-4)?
-17
Let k(a) = a**2 - 8*a - 2. Calculate k(9).
7
Let t(d) = -d + 33. What is t(14)?
19
Let y(n) = -n**2 - 12*n - 7. Give y(-10).
13
Let n(c) = -c**2 - 4*c + 7. Give n(-5).
2
Let j(l) = l**2 + 6*l + 5. Give j(-4).
-3
Let o(v) = v**3 - 102*v**2 + 196*v + 395. What is o(100)?
-5
Let a(j) = j**3 + 7*j**2 - 13*j + 54. Calculate a(-9).
9
Let w(h) = -7*h - 105. Give w(-12).
-21
Let f(m) = -8*m**3 + 2*m**2 + m - 2. Determine f(1).
-7
Let f(j) = j**3 + 11*j**2 - 11*j + 14. Determine f(-12).
2
Let v(k) = k**2 + 104*k - 1791. Determine v(15).
-6
Let h(n) = -2*n**2 - 17*n - 6. What is h(-8)?
2
Let d(y) = -15*y - 6. Determine d(-3).
39
Let p(l) = -3*l + 3. Calculate p(4).
-9
Let i(k) = -10*k + 300. Determine i(31).
-10
Let w(v) = -v**3 - 25*v**2 - 66*v - 2. What is w(-22)?
-2
Let y(c) = c**3 - 2*c**2 + c - 3. Determine y(4).
33
Let q(d) = d - 1. What is q(7)?
6
Let q(j) = -2*j**2 + 2*j + 2. Give q(-1).
-2
Let w(n) = 6*n**2 + 9*n + 16. Calculate w(-2).
22
Let z(b) = -9*b**3 - b**2 + 3*b - 1. Determine z(1).
-8
Let f(y) = y**3 - 12*y**2 - 11*y - 19. Give f(13).
7
Let o(j) = j**2 - 11*j + 23. Give o(8).
-1
Let o(v) = -v**3 + 6*v**2 - 4*v - 1. Give o(6).
-25
Let d(g) = -g**2 + 10*g - 3. Calculate d(8).
13
Let o(c) = c**2 - 11*c + 4. Determine o(5).
-26
Let y(o) = -o**2 - o + 3. Calculate y(4).
-17
Let f(t) = t**3 + 17*t**2 + 32*t + 38. Give f(-15).
8
Let y(h) = 14*h - 4. Determine y(2).
24
Let c(o) = -o**2 + o + 2. Give c(4).
-10
Let h(a) = -2*a + 2. Give h(-1).
4
Let z(g) = 2*g - 19. What is z(11)?
3
Let q(v) = -v + 10. Determine q(-6).
16
Let o(l) = 5*l**2 + 57*l + 73. What is o(-10)?
3
Let x(f) = 2*f - 9. Give x(5).
1
Let d(f) = -f**2 + 10*f - 13. What is d(8)?
3
Let t(w) = -53*w - 426. Determine t(-8).
-2
Let c(p) = -19*p - 94. Calculate c(-4).
-18
Let s(l) = -l**2 - 8*l + 4. Determine s(-6).
16
Let u(t) = t**2 - 11*t - 6. What is u(11)?
-6
Let f(s) = 20*s**3 + 2*s**2 - 2*s + 1. Give f(1).
21
Let h(u) = 2*u - 3. Calculate h(11).
19
Let p(j) = -j**3 - 13*j**2 - 15*j - 16. Calculate p(-12).
20
Let r(f) = 4*f**2 - 8*f + 7. Give r(5).
67
Let a(m) = 2*m**3 + 80*m**2 + m + 34. Give a(-40).
-6
Let k(b) = 11*b**2 - 232*b + 24. Determine k(21).
3
Let n(g) = -2*g**2 + 16*g - 18. Calculate n(9).
-36
Let o(k) = 2*k**2 + 18*k - 69. Give o(-12).
3
Let w(z) = z**2 + 5*z - 2. Give w(-6).
4
Let l(x) = 12*x - 19. What is l(2)?
5
Let p(h) = -h**3 - 7*h**2 - 6*h + 2. Calculate p(-6).
2
Let w(k) = k**3 + 3*k**2 - 12*k - 9. Determine w(-5).
1
Let l(v) = -2*v**3 - 3*v**2 + 5*v - 6. What is l(2)?
-24
Let k(b) = -b + 20. Give k(9).
11
Let t(b) = 5*b**3 - b**2 - b + 2. Determine t(2).
36
Let q(z) = -z**3 + z**2 + 2*z - 12. Calculate q(0).
-12
Let r(p) = p**2 - 9*p - 3. Calculate r(8).
-11
Let q(k) = k**3 + 14*k**2 - 16*k - 20. What is q(-15)?
-5
Let i(r) = -r**2 + r + 61. Give i(9).
-11
Let o(j) = j**3 - 9*j**2 - 8*j - 14. Determine o(10).
6
Let a(s) = -s**3 - 16*s**2 + 55*s - 25. Give a(-19).
13
Let o(u) = -2*u**2 - 2*u + 8. Calculate o(5).
-52
Let l(r) = 7*r**3 - r**2 + r + 2. Give l(-2).
-60
Let f(g) = -g**3 + g**2 - g - 1. Determine f(0).
-1
Let p(g) = 7*g - 115. Determine p(14).
-17
Let f(i) = i**2 - 7*i - 18. Give f(11).
26
Let h(l) = -l**3 + 10*l**2 - 10*l + 7. What is h(9)?
-2
Let s(k) = 3*k**2 + 8*k + 16. Determine s(-4).
32
Let z(t) = 7*t + 4. Give z(6).
46
Let b(m) = -3*m**2 + 4. Give b(2).
-8
Let d(s) = -s**3 - 6*s**2 + 3*s - 16. Determine d(-7).
12
Let t(o) = -o**3 + 7*o**2 - 7*o + 32. Give t(7).
-17
Let c(g) = -g**2 - 20*g - 35. Determine c(-18).
1
Let u(k) = -k**2 - 5*k + 3. Calculate u(-5).
3
Let z(d) = 7*d - 4. Give z(3).
17
Let b(g) = -g**2 - 12*g + 3. Give b(-11).
14
Let n(s) = s**2 + 7*s - 7. Give n(-12).
53
Let q(a) = -a**3 - a**2 + a - 16. What is q(0)?
-16
Let k(r) = -5*r + 12. Give k(4).
-8
Let a(l) = -4*l + 2. What is a(2)?
-6
Let a(b) = b**2 + 13*b - 3. Determine a(-11).
-25
Let k(q) = -q**2 - 9*q - 4. Determine k(-8).
4
Let s(z) = 5*z + 34. Determine s(-18).
-56
Let f(u) = 3*u**2 - 3*u + 7. Determine f(3).
25
Let a(h) = -h**3 - 10*h**2 - 23*h - 51. What is a(-8)?
5
Let s(j) = -8*j + 39. What is s(7)?
-17
Let d(v) = -v**3 + 9*v**2 - 5*v + 3. Give d(9).
-42
Let u(v) = v**2 + 9*v - 15. Calculate u(-9).
-15
Let y(s) = s**2 + 12*s + 25. Calculate y(-10).
5
Let u(b) = b**3 + 13*b**2 + 12*b + 14. Calculate u(-12).
14
Let x(z) = -z**3 + 28*z**2 + 63*z - 96. Calculate x(30).
-6
Let s(f) = 3*f**3 + 6*f**2 - 4*f - 4. Determine s(1).
1
Let n(b) = 106*b**2 - 4*b + 5. What is n(1)?
107
Let w(q) = -10*q**3 + q. What is w(1)?
-9
Let p(g) = -g**3 + 2*g**2 + 8*g + 3. What is p(6)?
-93
Let s(l) = 3*l**2 - 3*l + 7. Give s(3).
25
Let u(s) = 37*s - 77. Determine u(3).
34
Let l(v) = 3*v**2 + 16*v. Determine l(-8).
64
Let p(n) = 5*n**3 - n**2 - 5*n - 5. Determine p(-1).
-6
Let t(m) = m**3 - 2*m**2 - 3*m + 1. Give t(-3).
-35
Let y(g) = g**3 - 6*g**2 - 9*g - 60. What is y(8)?
-4
Let j(p) = 4*p + 7. Calculate j(4).
23
Let k(l) = -6*l - 48. Determine k(-10).
12
Let n(r) = 2*r**2 - 18*r - 9. Give n(9).
-9
Let p(g) = 3*g - 52. Give p(18).
2
Let s(i) = 2*i**3 + 3*i**2 + i - 2. Calculate s(-2).
-8
Let n(r) = -7*r**2 + 53*r + 18. What is n(8)?
-6
Let y(p) = 4*p + 112. Determine y(-26).
8
Let i(z) = z - 3. Give i(2).
-1
Let t(d) = 5*d - 42. Give t(8).
-2
Let z(s) = -s**2 - 10*s - 2. Give z(-11).
-13
Let f(m) = 23*m - 24. Give f(1).
-1
Let n(f) = f**2 - 15*f + 1. Give n(16).
17
Let u(o) = -o**2 + 5*o - 13. Calculate u(6).
-19
Let r(b) = -b**3 + 25*b**2 - 24*b - 9. Give r(24).
-9
Let a(r) = r**2 + 34*r. Calculate a(0).
0
Let p(m) = m**2 + m - 17. What is p(-5)?
3
Let y(u) = u**3 + 8*u**2 + 13*u - 2. What is y(-2)?
-4
Let x(i) = -9*i + 100. What is x(14)?
-26
Let j(f) = f**3 + 5*f**2 - 4*f + 3. Calculate j(-6).
-9
Let t(x) = -2*x**3 + 3*x**2 - 3*x + 3. Calculate t(2).
-7
Let s(f) = f**2 - 15*f - 1. What is s(13)?
-27
Let o(f) = f**2 - 26*f + 19. Give o(26).
19
Let h(u) = -2*u + 4. What is h(0)?
4
Let c(w) = -w**3 + 35*w**2 + 10. Calculate c(35).
10
Let x(w) = -5*w**2 + 32*w - 29. Calculate x(5).
6
Let o(x) = x**2 + 18*x + 13. What is o(-14)?
-43
Let o(z) = -13*z**2 - 2*z + 2. Give o(2).
-54
Let r(c) = c**3 + 5*c**2 + 3*c - 2. What is r(-4)?
2
Let d(k) = k**2 - 15*k - 16. Give d(14).
-30
Let f(z) = -2*z**2 - 21*z + 129. Determine f(5).
-26
Let a(x) = -3*x**2 + 17*x + 13. Calculate a(6).
7
Let f(n) = -2*n**2 - 22*n + 20. Determine f(-11).
20
Let n(s) = -s**2 - 14*s - 28. Give n(-12).
-4
Let y(t) = 2*t**2 + 37*t + 22. Give y(-18).
4
Let z(h) = -8*h**2. Give z(1).
-8
Let x(a) = -2*a**3 + 7*a**2 + 9*a - 26. Give x(4).
-6
Let y(d) = 2*d - 19. What is y(8)?
-3
Let s(z) = -z**2 + 2*z - 7. What is s(9)?
-70
Let p(x) = -45*x + 98. Determine p(2).
8
Let s(n) = 6*n**2 + 80*n + 24. Calculate s(-13).
-2
Let f(c) = -c**3 + 20*c**2 - 34*c - 43. Determine f(18).
-7
Let q(g) = -g**3 - 5*g**2 + 14*g + 72. Calculate q(-6).
24
Let n(t) = t**2 + 4*t + 1. Determine n(-5).
6
Let j(z) = -6*z + 27. Determine j(9).
-27
Let w(v) = -v**2 - 12*v - 8. What is w(-10)?
12
Let z(k) = -k - 8. What is z(-10)?
2
Let q(w) = 19*w + 1292. Calculate q(-68).
0
Let o(w) = -w**2 + 22*w - 5. Calculate o(9).
112
Let v(j) = -23*j + 154. Give v(7).
-7
Let g(m) = -m**3 - 6*m**2 + 2*m - 9. What is g(-6)?
-21
Let m(p) = 170*p + 339. Give m(-2).
-1
Let s(w) = 4*w**2 - 3. Calculate s(-4).
61
Let y(b) = b**2 + 2*b + 1. What is y(-2)?
1
Let t(i) = 23*i + 7. Give t(-2).
-39
Let r(l) = -4*l**2 + 7*l + 22. Determine r(-3).
-35
Let p(w) = 10*w + 46. Determine p(-6).
-14
Let g(i) = -2*i**3 + 14*i**2 - 16*i + 13. Calculate g(6).
-11
Let j(l) = -l**2 - 7*l + 6. Give j(-9).
-12
Let v(i) = -2*i**2 - 4*i + 4. Give v(-5).
-26
Let u(w) = w**3 + 3*w**2 + 2*w - 3. Calculate u(-4).
-27
Let c(s) = -s**3 - 10*s**2 + 2*s + 20. Give c(-10).
0
Let b(l) = -l**3 - 2*l**2 + 4*l + 5. Determine b(-3).
2
Let u(g) = g**3 - 4*g**2 - 5*g + 1. Determine u(5).
1
Let y(r) = -r**2 + 4*r + 21. What is y(-5)?
-24
Let b(v) = -v**3 + 15*v**2 - 15*v - 8. What is b(14)?
-22
Let r(v) = 5*v - 3. What is r(-5)?
-28
Let r(x) = -x + 4. Determine r(4).
0
Let y(c)